 -4))?
12
Evaluate (-4 - -28 - (31 - 36)) + -3.
26
Evaluate -2 + (7 - 6) + 0 + (-12 - 3).
-16
Calculate (18 + 1 - (1 - 1)) + (1245 - 1238).
26
-16 + 8 - (-49 - -48)
-7
What is -1087 + 1087 - (-15 + 1)?
14
Calculate 20 + (17 - 13) + -10.
14
Evaluate 3 - (-1 - -11) - (-20 - 8 - -9).
12
What is -22 + (-4 + -13 - -22)?
-17
Calculate (10 - 6) + (0 - -2) - (-30 - -28).
8
What is -5 - 1 - (-1 - (-26 + 16))?
-15
Calculate (-1 - 1 - -14) + (-17 - -9) - 38.
-34
3 + -3 + 6 - (15 + -6 + 6)
-9
Calculate -14 - (5 - (-11 + 29)).
-1
Calculate -14 + (0 - -3) + (2 - -2).
-7
Calculate -3 - (-15 + (19 - 17)).
10
-7 + -2 + (-14 - -8) + 2
-13
What is 75 - (-9 + 35 + 14)?
35
Evaluate (-20 - -2) + 26 + -16.
-8
Evaluate (0 - (-35 + 18)) + (-5 - (-11 - -6)).
17
What is the value of 20 + -23 + (-2 - (-3 - 0)) - -2?
0
Evaluate -1 + -4 - (-3 + -2 + (21 - 42)).
21
What is (-4 - (-8 + -4)) + -2 + 11 + -5?
12
What is -34 - (-21 - (-16 + 22))?
-7
What is 0 + 3 + 0 + (0 - 1) - 4?
-2
What is 24 + (7 + 10 - (-4 - -12))?
33
What is -18 - -13 - 5 - (0 + 0)?
-10
What is the value of (0 - 4) + -718 + 709?
-13
Evaluate (-2 - 1) + -2 + 8 - 2 - -11.
12
Calculate 0 - (1 + (-5 - 12) + 7).
9
What is -5 + 3 + 0 + (0 - 9)?
-11
Evaluate 19 + (-6 - (-19 + 14)) - -10.
28
What is the value of 12 - 5 - -6 - 1 - 7?
5
Evaluate 5 - -15 - (1 - -6) - 19.
-6
What is the value of 10 + (-4 - (-10 + (17 - 15)))?
14
What is the value of (9 - 0) + -11 + 34?
32
-176 + 162 + (4 - 1)
-11
Evaluate 11 - (-2 - (-4 + -8 - -7 - 43)).
-35
Calculate -24 - 4 - -39 - 20.
-9
Calculate -10 + -5 + 0 + (29 - 14) + -29.
-29
What is (0 - 5) + 7 + -21 + (10 - -1)?
-8
5 - 12 - (10 + 27 + -9 + -4)
-31
(10 + -12 - -18 - 33) + 51
34
What is -8 + (1 + 5 - (-4 - -6)) - 3?
-7
Evaluate (-4 - 2 - (-1 - 2) - 0) + -7.
-10
What is 0 + -10 + (-13 - -39 - 10)?
6
What is the value of -28 + 17 + 10 + 0 - 5?
-6
(23 - 9) + 10 + -31
-7
Evaluate -4 - (-9 - (-7 + 9)) - (1 - 0).
6
-9 - (-7 + (4 - (-7 + -9 + 8)))
-14
Evaluate -264 - -270 - (-1 - -2 - -16).
-11
What is 0 + -6 - (-192 + 176 - (-12 - -1))?
-1
Calculate -6 - (6 + 1 - ((14 - 28) + 39)).
12
What is -27 + 0 - (-126 + 109)?
-10
What is (14 + -2 - 17) + (5 - 0) + 6?
6
What is the value of 8 + 2 + -5 - (5 + -3)?
3
Evaluate -9 + (0 - (14 - 11)) + (3 - -2).
-7
What is -53 - (-20 - (29 + -30))?
-34
What is (7 + -3 - -2) + (-7 - -13 - 4)?
8
Calculate -5 + 2 - 0 - (8 - 1).
-10
What is (1 + 14 - ((11 - 8) + 4)) + 2?
10
What is the value of -10 + (23 - -9) + -8?
14
-26 + (-3 - 28) + 35
-22
Evaluate -13 - (8 + (-20 - -2) - -6).
-9
What is the value of 24 - (8 - 19 - -19 - -6)?
10
What is -15 + (5 - (20 + -30))?
0
Evaluate 37 + -3 + -22 + -36.
-24
What is (-46 - -35) + (-1 - -5) + 1 + -1?
-7
What is (-3 - -4) + (0 - -4) + 0 + -15?
-10
Calculate 78 + -26 + -12 + -48.
-8
What is the value of -4 - (13 - 7) - (-16 + 0) - -16?
22
What is the value of 16 - (-4 - (-11 + 2)) - -7?
18
-11 + 3 + (-6 - -26) + -67 + 17
-38
What is the value of 22 + 4 - ((16 - 27) + 10)?
27
Calculate (5 - 1) + 6 + -15 + 12 + -1.
6
What is the value of (28 - -6) + -18 + -27?
-11
Calculate (-252 - -276) + 0 + -8.
16
Evaluate (-1 - (-7 - -10)) + 6.
2
Evaluate -2 + (-101 - -75) + (1 - -8).
-19
What is the value of 3 - (-12 + (-15 - (-18 + 19)))?
31
(15 - 15) + (-3 - (21 + -6 - -4))
-22
Evaluate -6 + (-3 - (3 - 4) - -6) + -9.
-11
Evaluate 7 + (-5 - (9 - (21 + -11))) - 2.
1
What is the value of -3 - (8 - (-4 - (-49 + 7)) - 4)?
31
What is the value of (-25 - -13) + 6 + (-1 - -1)?
-6
What is -8 + (23 - 29) + 11 + 2 + -1?
-2
Calculate -13 + 9 - 8 - -19.
7
What is the value of -6 + (21 - (-6 - (-7 + 1)) - -6)?
21
489 - 484 - (-3 - -17 - (3 - 5))
-11
Evaluate 5 + -1 + (12 + 3 - 15).
4
9 + 1 - (17 + -29 + -5 + 12)
15
Calculate (-7 - (-25 - -5)) + (-2 - -1) + 1.
13
What is (-17 - (37 + -18)) + -3?
-39
What is 6 + -5 + (-11 - 14) - 11?
-35
(-73 + 95 - 19) + 0 + -1 + 0
2
-18 - (-48 + (15 - -3))
12
What is the value of -2 + -10 - (11 - (5 - -5) - 2)?
-11
Calculate 13 - (12 + 8) - (-2 + 3).
-8
What is (-2 - 27 - (11 + -4)) + 17?
-19
Evaluate 8 - 16 - (-8 + 9).
-9
Calculate -10 + -4 + -7 + 12 + (-1 - -5).
-5
What is the value of (32 + -31 - (0 + 5)) + (7 - -2)?
5
Calculate (-69 - -65) + (-1 - 4) + (5 - 9).
-13
What is -2 + 22 - ((-5 - 11) + 25)?
11
Calculate 0 - (6 - (18 - (15 + -13))).
10
What is the value of 11 - (-13 + 10 + -10 + 15)?
9
Evaluate 0 + (-5 - ((11 - 8) + -19)).
11
What is the value of 18 - (6 - ((10 - 0) + 35 + -34))?
23
Evaluate -3 + 1 + -13 + -3 + 5.
-13
What is 3 + -6 - (-11 - (-2 + 10 - 5))?
11
What is (-16 - -3) + -89 + 95?
-7
What is the value of 15 + -19 + (-19 - -19)?
-4
3 + (7 - 8) - (16 + -4)
-10
What is -20 - (-30 + 8) - (-6 + 0)?
8
Evaluate 112 + -125 + 2 + 9 + (3 - 6).
-5
Evaluate 0 - -4 - 4 - ((9 - 10) + -30).
31
What is the value of 6 + (-3 - 6) + 12 - 24?
-15
What is the value of 1 + -11 + 2 + 24 + -21?
-5
-8 + (3 - -24 - 31 - (0 - -5))
-17
What is the value of 0 - (9 + (-15 - -4)) - -6 - 15?
-7
Evaluate 27 + (-7 - -17) + -50.
-13
What is the value of 76 - 64 - (4 + 5)?
3
5 + (18 - 12) + 7
18
Calculate (0 - -16 - 1) + -356 + 347.
6
-10 + (5 - 2) + 1 + (12 - -7)
13
Calculate -1 - ((13 - 2) + -3) - (78 + -72).
-15
What is -10 - (5 - (-2 - -8)) - 3?
-12
-19 + 11 + (13 - 1) + -2
2
Evaluate -3 + (33 - (16 - 2)).
16
What is the value of 0 - -14 - (-101 + 108)?
7
303 + -329 + 26 + 0
0
What is the value of 6 - (0 + 1 + -5 + 8 - -3)?
-1
What is (1 - 6) + -2 - (-176 + 163)?
6
Evaluate 16 + -5 + 8 + -34 - (-7 - -1).
-9
22 + -12 + -16 - (3 + 3)
-12
Calculate -15 - -11 - (8 - -2).
-14
(-5 - 0) + 0 + -2 - (-2 + 3)
-8
Calculate -3 - (2 - (2 - 0)) - 4.
-7
What is the value of -20 + (-75 - -63) - (-1 - 7)?
-24
Calculate -5 + 0 - 4 - (-23 + 13).
1
-423 - -401 - (-2 - 15)
-5
-2 + -9 + (26 + -45 - -19)
-11
What is the value of -1 - (1 - -2) - (-26 + 10)?
12
What is -6 + (-1 - -1) + 57 + (48 - 91)?
8
692 + -687 - (-8 + 2 + -3)
14
9 - (9 + -3) - 12
-9
Calculate 16 - (-3 - -9) - ((10 - -3) + 0).
-3
-31 + 3 + 45 + -20
-3
What is (-21 - (-20 + 10)) + (18 - -4) - 3?
8
6 - (-2 + 21 + -10 + 0)
-3
What is (0 - (8 - (4 - -2))) + 6?
4
Evaluate 10 + (10 - 8) + 1 + -13.
0
What is -26 + (16 - -2) - (-2 + (-5 - -2))?
-3
-48 + 54 + (1 - -1) + 4
12
Evaluate -7 + 6 + 7 - 18.
-12
Calculate -20 + (7 - 7) + 10 + -3.
-13
What is the value of -22 - (-17 - (12 + -27) - (-2 + 6))?
-16
-10 + -1 + -170 + 187
6
16 - (10 + -2 + -6 + 6) - -14
22
What is the value of -3 + 15 + (21 - 29 - (-2 - 7))?
13
Calculate 10 - 1 - (239 + -199).
-31
Evaluate (35 - 23 - -4) + -10.
6
2 - (4 - (-12 + 7 - 8))
-15
Calculate 14 + -29 + -4 + 47.
28
Evaluate 25 - (21 - (15 + -31)).
-12
(-1 + 0 - (3 + -29)) + (298 - 296)
27
-8 - (-37 - -34 - (5 + -1))
-1
Evaluate 6 + 3 + 14 - 4.
19
What is 8 + (1 + 1 - 10)?
0
What is the value of (-3 - -2) + -8 + 1 + 11?
3
What is (-1 - 3) + 6 - -4 - (-41 + 33)?
14
What is the value of -7 + (-3 + 1 - (-196 + 203))?
-16
Calculate 505 - 443 - (1 + 28).
33
What is (-224 - -215) + (-3 - -11) + -2?
-3
What is the value of -5 + (11 - 20) + 6 + 19?
11
Calculate 25 + -26 + ((4 - -9) + -4 - -2).
10
What is the value of 11 - (-9 - (-9 - (1 - 7)))?
17
Evaluate 1 + 1 + -1 + -1 - (0 + 9).
-9
What is the value of (-2 - -2) + (-31 - (-13 - 1)) + 21?
4
Evaluate 15 - -4 - 2 - (7 - -2).
8
What is the value of 7 + 3 + 23 + -19?
14
What is the value of 8 + (26 - 11 - 24)?
-1
(-8 + 16 - 8) + (-20 - -19)
-1
Evaluate (-18 - -40 - 41) + 23.
4
Calculate (9 - 3) + (5 - -1) - (0 + 3).
9
What is the value of 15 + 2 + -1 + -39 + 45?
22
-93 + (100 - 30) + (0 - -6)
-17
Evaluate -4 - -28 - 11 - 11 - -10.
12
What is (4 - (0 - -1)) + (17 - (-4 - -17))?
7
Calculate (-46 - 0) + 1351 + -1341.
-36
What is the value of 9 + -12 + 4 + 8 + 10?
19
What is the value of (0 - -2) + (-11 - (13 - 25)) - 18?
-15
Evaluate 4 + -33 + 30 - (2 - 18).
17
Calculate 31 + (-1 - 40 - -3).
-7
(-5 - (12 - 25)) + -11
-3
What is 2 + -6 - (11 + -8 + -10)?
3
3 + -2 + (-4 - (8 - 3) - -5)
-3
Evaluate -1 + 2 - 20 - (13 + -21).
-11
Evaluate 2 + (18 - 6 - (-4 + 9) - 3).
6
Calculate -9 + (2 - -15) + -5.
3
19 - -1 - (22 - (46 + -14))
30
Calculate (4 - 3) + 5 - (135 + -140).
11
What is 0 + 5 + (13 - (23 + -3))?
-2
-1 + -15 - ((61 - -46) + -119)
-4
Calculate -8 + (-16 - -4) + 22.
2
What is the value of -2 - (-10 - (12 +